nder when (1 - 1)/(-2) - 3 - -156 is divided by l(-4).
49
Let b be (-6)/(-8) - 1791/(-12). Suppose d - 3*d = -b. What is the remainder when d is divided by 19?
18
Suppose 25*h + 28 = 21*h. Let x(t) = t**3 + 8*t**2 - 3*t - 10. Calculate the remainder when 296 is divided by x(h).
56
Let b = -414 - -460. Suppose 0 = 2*x - 6*x + 68. Calculate the remainder when b is divided by x.
12
Let j(a) = -8*a**3 - 9*a**2 - 10*a + 29. What is the remainder when j(-5) is divided by 15?
14
Calculate the remainder when 37 is divided by 26 - (45/(-5) - -12).
14
Let c(u) = -3*u**3 + 3*u**2 - u - 5. Let n(o) = 2*o**3 - o**2 + o + 3. Let j(t) = -2*c(t) - 5*n(t). What is the remainder when j(-2) is divided by 16?
13
Suppose 0 = -t - 2*b - 6, 2*t + b - 33 = 6*b. Suppose -t*z - y = -356, z + 3*y = y + 89. What is the remainder when z is divided by 23?
20
Suppose 0 = -2*l + 3*l - 60. Let s(d) = d**3 + 27*d**2 - d - 18. Calculate the remainder when l is divided by s(-27).
6
Suppose 3*n = 4*h + 14, -n = -2*h + 1 - 9. Let i(l) = -5*l - 16. What is the remainder when i(h) is divided by 3?
0
Suppose 2*o + 0*o + 4*o - 84 = 0. Suppose 2*k = 5*k + 27. Let a = 13 + k. Calculate the remainder when o is divided by a.
2
Suppose 0 = 13*d + 43*d - 18760. Calculate the remainder when d is divided by 16.
15
What is the remainder when 0 - 0/1 - (70 - 183) is divided by 29?
26
What is the remainder when 5100/25*(-7)/(21/(-4)) is divided by 69?
65
Let t = -10 - -35. Let r be (-78)/(-9) + 12/(-18). Calculate the remainder when t is divided by r/(-48) - (-55)/6.
7
Suppose 6*x + 84 = 114. Calculate the remainder when 24 is divided by x.
4
Let z(k) = -19 + 2*k + 5*k - 6*k + 28. Calculate the remainder when 41 is divided by z(6).
11
Let g = 30 + -27. Suppose -l + 23 = -g*n, -3*l - 5*n + 115 = 2*l. Let s = l + -9. What is the remainder when 39 is divided by s?
11
Let f(b) = b**3 + 18*b**2 + 15. Let r be f(-18). Let i(v) = v**2 - 14*v + 5. Calculate the remainder when 77 is divided by i(r).
17
Suppose y = -2*y + 21. Suppose -6*f + 14 = -10. Suppose -5*x - 70 = -5*d, d + f*x + 1 = -0*x. Calculate the remainder when d is divided by y.
4
Suppose 0 = -38*n + 10*n + 3304. What is the remainder when n is divided by 31?
25
Let j be 5408/117 + (-6)/27. Suppose 2*g - 2 = 4. Suppose j = g*r - 44. Calculate the remainder when r is divided by 8.
6
Let o(j) = j**3 - 23*j**2 - 49*j + 16. What is the remainder when 55 is divided by o(25)?
14
Let p = 13 - -104. Suppose 4*l - p = -49. What is the remainder when 50 is divided by l?
16
Let v(p) = -2*p**3 - 13*p**2 - 11*p + 7. Let c be v(-8). Let l = c - 196. Calculate the remainder when l is divided by 31.
29
Suppose 0 = 34*p - 15*p - 1900. Calculate the remainder when 199 is divided by p.
99
Suppose 5*r - 458 = -2*w, -2*r + 0*w - w + 184 = 0. Suppose -6*z = -z - r. Calculate the remainder when 33 is divided by z.
15
Suppose 0 = -5*i - 5*s + 70, 0 = -i + 5*i - 5*s - 101. Let d(v) = -2*v**2 + 16*v + 21 + 25 - 53. What is the remainder when i is divided by d(7)?
5
Let n = 101 + -26. Suppose 0*j + 38 = 2*j. Calculate the remainder when n is divided by j.
18
Suppose -5*g = 4*y - 116, -2*g + 51 = -0*g - 3*y. Let u = -8 + 16. Calculate the remainder when g is divided by u.
0
Let y = -128 + 244. Calculate the remainder when y is divided by 13.
12
Suppose 5*v + 0*v = 50. Let u be 14/v + 3/5. Suppose 9 = 3*b, 0*n = -u*n - 2*b + 272. Calculate the remainder when n is divided by 34.
31
Let h(w) = -3*w**3 + 9*w + 14 + 6*w**2 - 15*w - 4 + 4*w**3. Let i be 2*-1 - 20/4. What is the remainder when 10 is divided by h(i)?
1
Let d(g) = 2*g**2 - 15*g - 126. Calculate the remainder when d(-15) is divided by 23.
20
Suppose -48*r - 264 = -56*r. What is the remainder when 104 is divided by r?
5
Suppose 4*x - 53 = 4*v - 3*v, -14 = -x + v. Suppose -3*w = u - x - 21, 5*w - 122 = -4*u. Calculate the remainder when u is divided by 10.
8
Suppose -4*j - 2 + 10 = 0. Let w(n) = -5*n**2 - 4*n + 2. Let i be w(j). Let x = 86 + i. What is the remainder when x is divided by 21?
18
Suppose 16*n - 18*n = -14. Let c(j) = -j + 17. What is the remainder when 15 is divided by c(n)?
5
Let h be (-4)/(-2*3/30). Let b = 34 - h. Calculate the remainder when b is divided by 8.
6
Suppose 14 = n - 3*l, -12*n + 13*n + 3*l = -10. Calculate the remainder when 77 is divided by n.
1
Calculate the remainder when 4 - (6/(-3) + -239) is divided by 68.
41
Suppose 4*u = 39 + 25. Calculate the remainder when 2943/33 + u/(-88) is divided by 18.
17
Let y = -723 - -922. What is the remainder when y is divided by 36?
19
Suppose -4*u + 0*u - 5*l = -23, 0 = -2*u - 2*l + 10. Suppose 22 = -3*k + 49. Calculate the remainder when ((-42)/k)/((-14)/21) is divided by u.
1
Suppose 14 = v - k, 2*v - 2 = -4*k + 20. Suppose 0 = -3*i + 7 + 5, 3*h - 22 = -4*i. What is the remainder when 43/h + 7/(-14) is divided by v?
8
Suppose -40 = 4*w - 7*w + 5*i, 5*w + 4*i = 5. Calculate the remainder when 6 is divided by (-22)/(-8) - w/(-20) - -1.
2
Let i(f) = -3*f**3 - 2*f**2 - 3*f - 3. What is the remainder when i(-3) is divided by -4 + 3 + (-95)/(25/(-5))?
15
Suppose -2*n = -4*d - 82, 10 = -d + 13. Calculate the remainder when 467 is divided by n.
44
Let x(j) = 2*j**3 - 10*j**2 + 11*j - 7. Let c be x(4). Suppose -f + 851 = 3*z + 2*z, -845 = -5*z + c*f. Calculate the remainder when z is divided by 44.
38
Suppose 0 = -162*l + 169*l - 49. What is the remainder when 731 is divided by l?
3
Let y(l) = 17*l + 12. Let h be y(2). Suppose -92 = -3*c - 2*x, 0 = 3*c + x - 51 - h. What is the remainder when 97 is divided by c?
29
Let c = 278 - 105. Let p = c - 102. Suppose 12 + 24 = 2*h. Calculate the remainder when p is divided by h.
17
Let y(r) = 6*r**2 + 0*r**3 - 12 - 2*r + 0*r**2 + r**3. Let g be y(-6). Suppose g = -5*p + 20 + 5. Calculate the remainder when p is divided by 3.
2
Suppose -3*i + 519 = x + 184, 1385 = 4*x + 3*i. What is the remainder when x is divided by 90?
80
Suppose -38950 = -34*i - 11036. What is the remainder when i is divided by 272?
5
Let b(y) = 2*y**2 - 12*y - 123. Calculate the remainder when b(15) is divided by 51.
45
What is the remainder when ((35/4)/(-7))/(5/(-10660)) is divided by 86?
85
Let t(f) be the third derivative of f**4/12 + 2*f**3/3 + f**2. Calculate the remainder when t(10) is divided by 14.
10
Suppose -9 = -2*x - 9. What is the remainder when 13 is divided by (6/(-4) + x)/(3/(-14))?
6
Let s(i) = -7*i + 1. Suppose -7*g = g - 120. Suppose -192 - 438 = -g*c. What is the remainder when c is divided by s(-3)?
20
Suppose 35 = 4*q - 2*f - 37, 0 = 4*q - 3*f - 70. Calculate the remainder when 296 is divided by q.
11
Let b(f) = 5*f - 2. Let k be b(-1). Let u = 2 + k. Let y(w) = w**3 + 5*w**2 - 2*w + 4. What is the remainder when 54 is divided by y(u)?
12
Suppose -5*f + 69 = -4*w, -8*w + 3*w - 75 = 5*f. Let l be (-2 - 1)/((-9)/(-12)). What is the remainder when 39 is divided by -16*(-1 - l/w)?
19
Let s(z) = -z**3 + 13*z**2 - 11*z + 1. Suppose f - 3 = 9. Calculate the remainder when 62 is divided by s(f).
10
Suppose 2*b + 3*v - 27 = -0*b, 0 = -b - 2*v + 16. Calculate the remainder when 3/(b/(-236)*-2) is divided by 15.
14
Let k = -1836 + 2905. What is the remainder when k is divided by 5?
4
Let l = -292 - -311. What is the remainder when 84 is divided by l?
8
Suppose -30*d - 6 = -27*d. Suppose 4*y - 124 = x, -3*x - 80 = -3*y + x. Calculate the remainder when y is divided by (-22 - -2)/(-4) - d.
4
Let o(i) be the second derivative of -3/2*i**2 - 1/20*i**5 + 0 + 5/12*i**4 - 8*i - 1/3*i**3. What is the remainder when 16 is divided by o(3)?
7
Let i(c) = 2*c**2 + 3*c + 16. What is the remainder when i(-5) is divided by ((15/(-9))/5)/((-5)/390)?
25
Let u = 417 + -210. Calculate the remainder when u is divided by 35.
32
Let x = 34 + -25. Suppose -105 = -x*v + 2*v. Calculate the remainder when 53 is divided by v.
8
What is the remainder when (-1893)/(-15) + -5 - 28/(-35) is divided by 22?
12
Let z(a) be the first derivative of a**2 + 27*a + 18. What is the remainder when 43 is divided by z(-6)?
13
Calculate the remainder when 63 is divided by (((-6)/5)/6)/(8/(-440)).
8
Suppose -3*g + 43 = -b, -4 = 6*b - 2*b. What is the remainder when g is divided by 7?
0
Suppose 3*y + 4*s = -2*y + 72, -y = -3*s - 3. Suppose f = -f. Suppose f*t - 3*u = 5*